17) - 32)
73
-2 + 6 + 50 + -50 - (0 + -7 - -9)
2
71 + 30 + -4 + 336 + -368
65
Evaluate -91 - (-5 + 0 + -6 + (0 + -8 - -10)).
-82
Evaluate 12 + -11 + (-22 - 9) + (-3 - -1).
-32
Calculate -39 - (12 - 53) - ((-5 - -2) + -14).
19
50 + -12 + -13 + -22 + 21
24
51 + (11 - 11) + -2
49
What is the value of -3 + ((2 + -8 - -6) + -7 - (-4 + 6))?
-12
What is 139 + -156 + -33 + 112?
62
Calculate (24 - 3 - 25) + (-1 - -8) + 2 + 35.
40
Calculate 6 + (9 - (-4 + 4 - -5)) - (-313 - -323).
0
Evaluate 26 + (47 - 42) + -67.
-36
Calculate (9 - 2) + (102 - (-67 + 175)).
1
What is (-31 - -16 - -8) + -13 + -8?
-28
Evaluate -19 + 65 + 0 + 1 + -10.
37
What is 42 + -30 + 2 - 110 - -12?
-84
Calculate (-14 - 1 - (4 - -1)) + 17.
-3
What is the value of (4 - 103) + -1140 + 1170?
-69
What is (90 - (62 - -34)) + -22?
-28
Calculate 25 + 6 + -12 + -3 - 10 - (25 + -1).
-18
What is the value of 17 + 784 + -738 + 1 + 9?
73
What is the value of 12 - (9 + -7) - -6?
16
(20 - (-14 + -4)) + 2 - (13 + -1)
28
What is 6 + -3 + -16 - (8 + 5 + -34 + -44)?
52
Calculate -2085 + 2161 + 13 + (-2 - (-2 + 0)).
89
(2 - -35) + 44 + -70 + (0 - 45)
-34
What is the value of 187 - 3 - (2151 + -2077)?
110
(745 - 688) + (0 - -3) + 15 - 19
56
Evaluate -449 + 488 + 0 + -11 + (-1 - (-6 - -3)).
30
What is the value of (4 - -2) + (-35 - (-51 + 41))?
-19
What is (18 - (4 - (-8 + 12) - -7)) + 3?
14
What is -30 + (27 + -2 + -7 - -12)?
0
What is the value of (-1 - 4 - -2) + (5 - (-12 - -20))?
-6
What is the value of -6 + -3 - (-4 + -2 + -74 + 0)?
71
What is (-15 - (-12 + (1 - -2 - 4))) + -17 - 7?
-26
Calculate -9 - (43 - 37) - 24.
-39
What is the value of (-9 - (-5 + (9 - 1) + -11 - 10)) + 2?
11
What is the value of (-28 + 5 - -25) + 8 + 8?
18
What is -4 + -5 + 8 + 0 - (-42 - -53)?
-12
Calculate 38 + 53 + -25 + 5 + 2 + -3 + -6.
64
Evaluate (0 - (1 - 11) - 1) + 50 + -2 + 25.
82
Calculate (-73 - -1) + (0 + -5 - -1 - (297 - 305)).
-68
What is the value of (20 - (-13 + (-7 - -8))) + -9?
23
What is (-15 - -9 - 24) + -5 + (-5 - -1) - -7?
-32
What is (4 - 1 - (25 - 14)) + 10 - 46?
-44
(0 - 68) + 1 - (35 + -78 - -41)
-65
What is the value of 0 + -5 + (23 - 30) - (-7 - -19)?
-24
-108 + 20 + -2 + -16 + 8 + 8
-90
Calculate (9 - (7 - 2)) + 7 + (-2 - 1) - -27.
35
What is the value of -14 + 20 + -12 - 17 - 23?
-46
What is (-61 - -2) + -240 + 1 + 241?
-57
3 + 29 + -21 + -12 - (20 - -3)
-24
What is (105 - 2) + (-2 + -9 + -6 - (16 - 47))?
117
Evaluate (-73 - 0) + (10 - (-9 + 23 + -16 - -7)).
-68
Evaluate (-147 + 90 - -65) + 103.
111
What is the value of (-119 - (-33 - 47)) + -45?
-84
(-26 - 3) + (12 - 2) + -25
-44
Calculate -4489 + 4381 + (-1 + -4 + 2 - -1 - 1).
-111
Calculate (-95 - -82) + (0 - -25) - (22 + 1).
-11
What is the value of 46 + 6 + -22 + (-115 - 34)?
-119
71 - (34 - -82) - -74
29
What is the value of (-18 - (-33 - 16)) + -4 + 1 + 3?
31
Calculate (-28 - -84 - -12) + -115.
-47
What is the value of 14 + 0 - (-111 - (277 + -458))?
-56
What is (-2 - (5 + -3 - -118)) + 562 + -544?
-104
Evaluate (-6 + 111 - 8) + -19 + (-6 - 8).
64
Calculate -123 + -3 + -53 + 38 + 23.
-118
-546 + 340 + 164 + -17
-59
What is 79 - ((-100 - -221) + -53)?
11
Calculate 14 - ((2 - 4) + 18 + -23 + 7).
14
Evaluate -930 - -983 - (2 - 3 - -2) - -15.
67
67 + -47 - (15 + 67 + -8)
-54
What is the value of -21 + 9 + 90 + 22 + 3?
103
Evaluate 2 + 1 + 86 + 4 - (-13 - -30).
76
What is the value of (-1 - (-126 + 131)) + 2 + -2 + -69?
-75
Calculate (-2 - -1 - (5 - 2)) + (5426 - 5418).
4
Evaluate -2 - (10 + -11) - (-40 - 0 - (-38 + 33)).
34
What is the value of -34 - (-4 - (-37 + 37) - (-1 - 9))?
-40
What is the value of 58 + -66 + (1 + -8 + 10 - 41)?
-46
Evaluate -2 + (6 + 17 - (0 - 3)) + -5.
19
1 + -7 - (-46 + 44 - 16) - -14
26
181 + -211 - (-1 + -133 - -9)
95
Calculate 73 - (6 + 2 + 4 - -4).
57
What is the value of 15 + (-2 + (16 - 10) - -9) + -15?
13
-147 - (53 - 211) - (3 - -40)
-32
Evaluate (-21 - (12 - (-11 + 35))) + 13 - 47.
-43
Calculate -1 + -2 + (-15 + 16 - -11) + 14 + -66.
-43
What is the value of 9 + -7 - (176 + -131)?
-43
What is 15 + (-13 - ((23 - -4) + -14)) - -34?
23
113 + 143 + -270 + (64 - 2) + -1
47
What is the value of -9 + -5 + 13 - (32 - (25 + -19))?
-27
What is -13 - -1 - (-10 + (6 - (20 - 12)))?
0
Calculate -1 + 133 + 0 - (50119 - 50092).
105
Evaluate -73 + (24 - -34) + 20 - (1 - 119).
123
Evaluate 1 - -19 - (3947 - 3995).
68
What is 35 + -8 + (-21 - -21) + (3 - 5)?
25
What is the value of -9 + -2 - (18 - (10 - (-5 - -1)))?
-15
Evaluate -4 + 14 - 7 - (4 - 6 - -2).
3
Evaluate 7 + 14 + -3 - (16 + -36 + 23).
15
Calculate (-10 - -10) + 2 - (15 + -11 + -45).
43
What is the value of -19 + (-2 - 0) - 6 - (-1137 - -1159)?
-49
Evaluate (-3 - (0 + -3) - 100) + 9243 + -9238.
-95
Evaluate 31 + 1 - (-20 + -7 + 9 + 13).
37
0 - (24 + -15) - (8 + -5) - (1 + 2)
-15
Evaluate 8 + 24 - -33 - 121.
-56
What is the value of -37 - -25 - 109 - (14 + -9 + -23 + 7)?
-110
Calculate (33 - (23 - -1)) + (-38 - 1).
-30
Evaluate 9 - (48 + -27 + -5 + -9 + 32).
-30
Evaluate -7 - (-6 + 27) - 43.
-71
What is the value of (-85 + 224 - 95) + -118?
-74
(-1 - (-13 - (0 + 1))) + (-1395 - -1317)
-65
What is (-18 - (-9 + -11) - 13) + (3 - (1 + -2))?
-7
What is the value of 0 + (-4 - 0) - (22 + (-17 - (8 + -22)))?
-23
Calculate (67 - 40 - 14) + (-5 + 6 - (-28 - -2)).
40
Evaluate -50 - ((101 - 93) + (1 - (-9 - -4))).
-64
(-117 - 10) + (16 - -1) - (23 + -19)
-114
What is 46 + -1 + -24 + (2 + -1 - 1)?
21
Evaluate -61 + 64 + 9 + (5 - 2) - 10 - 13.
-8
What is the value of 10 - (7 + (1 + 1 - (0 + 9)) + 4)?
6
What is the value of (-48 - -147 - 136) + -85?
-122
-2 + (-87 - 2) + -52 + (-6 + -41 - -95)
-95
What is the value of 60 + 175 + -96 + -53?
86
What is the value of (-62 - (18 - -23)) + 8 + 1 + 2?
-92
What is -22 + (-95 - (-5 - -6))?
-118
-9 - -3 - (-19 - (22 - 60) - 19)
-6
What is -2 + 5 - -7 - (-7 - (-11 + 1 + -19))?
-12
What is -11 - (-11 + -15 + 126 - (15 - 12 - 16))?
-124
Calculate -3 + (-38 - 12) + 39.
-14
What is 14 + (-1 - -86 - (922 - 874))?
51
Evaluate ((24 - 11) + -15 - 1) + 10 + -3.
4
-35 - -33 - -10 - -34 - (5 - (1 + 1))
39
-1 - -8 - (-3591 - -3550)
48
Evaluate 429 + -359 - (-6 - (-7 + -6 + 7)).
70
Evaluate -45 + (-21 - (8 - 77)).
3
Evaluate -1 + (18 - 1) - (-1324 + 1339).
1
Calculate 17 + -47 + 6 - -37.
13
Calculate 32 + -33 + 17 + -14 + -5 + -5.
-8
Evaluate 57 + (95 - 67) + -59.
26
Evaluate -1 - -2 - (-10 + (49 - 50 - (-1 - 12))).
-1
What is the value of 0 + 33 - (62 - (10 - 8))?
-27
(-58 - -113) + -149 - -156
62
3 + 1 - (-19 - ((-68 - -13) + 7))
-25
What is (-39 - -3) + (3 - (2 + 4) - -13)?
-26
-7 + -58 + 37 + 40 + 3 + (-130 - -4)
-111
71 - 8 - (4 + -4 + 4 + 123 + -127)
63
Evaluate (-6 - (7 - -15)) + (-29 - (-16 - 8)).
-33
Calculate 9 - (-15 - 0 - (-6 - -10 - 81)).
-53
What is the value of -13 + 0 + 8 + 1 - (-43 + -1 + 11)?
29
Calculate 8 - 28 - (-19 - -12) - -37.
24
What is the value of -11 - (149 + -150 - (0 - -45))?
35
-16 + (26 - (-21 + 11))
20
Evaluate -2 - (0 - (-15 + 14 + (-1 - -11))).
7
Calculate (-13 - (-8 - (16 - (-19 - -28)))) + -4 + -1.
-3
Calculate -2 - -8 - (1 - -8 - -101 - (-25 - -36)).
-93
What is the value of 5 + 19 - -2 - (-40 - -9)?
57
-3 + 33 + -4 - (2 + (0 - -11 - 8))
21
What is 1 - -45 - 46 - (-1 - (-1 - 4))?
-4
What is the value of 1906 + -1859 + -19 + -1?
27
Calculate -22 + (51 + -79 - (-1 - 2)).
-47
Calculate 23 + -2 + (-5 - 2) - -14.
28
-17 + (-33 - -41) + 69 + 4 + 3
67
What is the value of 48 - (7 - 15 - (6 - (-4 + 11) - 1))?
54
-79 - ((-26 - (-72 + 30)) + -17)
-78
What is the value of -18 + (-24 - -32) + (68 + 1 - (-4 - -8))?
55
Calculate 2 + -22 + -1 - (-2487 - -2467).
-1
What is 9 - (26 - -14 - 10) - -44?
23
Calculate 18 + -6 + 5 + -8 + (-95 - -36).
-50
17 + -27 - -16 - (3 + -25)
28
What is the value of 3 - -40 - (-2 + -2 - (9 + 5 + -24))?
37
(-6 - -11) + (-75 - -91) + (-112 - -6)
-85
What is the value of (-45 + 24 - 10) + 0?
-31
Evaluate (696 - 707) + 58 + (4 + -6 - 1).
44
What is the value of (3 - 48) + (416 - 360)?
11
What is 9 + (-5 - -11) - (1 + (17 - 15))?
12
What is the value of -99 - (-38 + -88 + 113)?
-86
Calculate (-1 - -5) + -58 + (-27 + 33 - 2).
-50
What is -12 - -32 - (120 + -129)?
29
What is -171 + (241 - 81) - (35 + 1)?
-47
What is the value of -7 + (290 + -276 - (20 - 1)) + (15 - 1)?
2
What is -70 - -79 - (-5 + -1)?
15